5*h, 0 = 4*h - 4*m - 360. What is the highest common divisor of h and y?
30
Let r(i) = -i**2 - i + 12. Let w be r(0). Let u(y) = -97*y - 1. Let b be u(-1). What is the highest common divisor of w and b?
12
Let v(b) = b**2 + 2*b - 5. Let w be v(4). Let c = 279 + -127. Calculate the highest common divisor of w and c.
19
Let v be 28/(-35)*(-90)/4. What is the greatest common factor of v and 144?
18
Suppose -3*h - 3 = 0, 2*r + 3*h = -0*h + 17. Let q(w) = w**2 - 4*w + 5. Let o be q(5). What is the highest common divisor of r and o?
10
Let p = 0 - -2. Let u(s) = s**2 - s. Let x be u(p). Suppose -7*l - 3*t = -x*l - 20, 0 = -4*l + 3*t - 11. Calculate the highest common divisor of 1 and l.
1
Suppose -38 = -8*b + 586. Calculate the greatest common divisor of 117 and b.
39
Let z = 9 + -5. Let a be 8/z + 71*2. Let x be (2 - 1 - -1) + 14. What is the highest common factor of a and x?
16
Suppose f = 4*f - 54. Calculate the greatest common divisor of 162 and f.
18
Let z(x) = 105*x**2 - 2*x - 2. Let r be z(-1). What is the greatest common factor of r and 15?
15
Suppose 2*s + 3*x = 93, -5*s - 219 = -10*s - 3*x. What is the highest common factor of s and 14?
14
Suppose 5 + 4 = 3*b. Suppose n - 4 = -b. Calculate the greatest common divisor of 3 and n.
1
Let t(w) = w**2 - 6*w + 4. Let u = -16 + 22. Let n be t(u). Suppose -2*i + 2*v + 27 = 9, 0 = n*v - 20. What is the greatest common factor of 2 and i?
2
Let q(m) = 5*m**2 - m. Let v be q(2). Suppose -2*c - 2 = 0, 5*c - 32 = -4*r + 11. What is the highest common divisor of v and r?
6
Suppose 3 + 6 = 3*x. Suppose -2*j + 2*h - 131 = -5*j, -x*h = 3*j - 129. Let p be (10/4)/((-1)/(-2)). Calculate the greatest common factor of p and j.
5
Suppose -4*o + 3*g - 15 = -7*o, -40 = -2*o + 4*g. Let l be (-4)/10 + (-804)/(-10). Calculate the greatest common factor of l and o.
10
Let o = -9 - -35. What is the highest common divisor of o and 65?
13
Let s = 567 + -399. Calculate the greatest common factor of 21 and s.
21
Let d = 24 - 17. What is the greatest common divisor of 7 and d?
7
Suppose -2*y + 6*y - 65 = -3*i, -2*y = 3*i - 55. What is the highest common factor of 6 and i?
3
Let v = -7 + 17. Suppose 5*d - 75 = 2*d. Calculate the greatest common factor of v and d.
5
Suppose -5 = w, -c - 1 = 4*w + 5. Let v = c + -20. Let x be (-3)/(v/164) + 3. What is the greatest common factor of x and 34?
17
Let c(j) = 7*j + 3 + j**2 - 7 - 16. Let a be c(-10). What is the highest common factor of 20 and a?
10
Let o = 20 + 22. Let q be 3/9 + o/9. Suppose 5*l + q*x = 65, 4*x - 22 - 6 = -2*l. Calculate the highest common divisor of l and 18.
6
Let p = -942 + 1344. Let j be 6/2 - p/(-6). Calculate the highest common factor of j and 14.
14
Let q = -11 + 1. Let b be -8*(1 + q/4). What is the greatest common divisor of 4 and b?
4
Let k = -37 + 61. What is the greatest common divisor of k and 264?
24
Let r = 175 + -124. Calculate the highest common factor of 561 and r.
51
Let n(h) = -h**2 - 8*h + h**2 + h**2 + 4 + 5*h. Let r be n(6). Let m = r + -15. Calculate the highest common divisor of m and 1.
1
Let h = 6 + 3. What is the highest common factor of 99 and h?
9
Let a = -4 - -1. Let l = 0 - a. Suppose 4*m + 16 = -o, l*o - 5*o = m - 3. Calculate the highest common divisor of o and 20.
4
Let w = -20 + 31. Suppose -k + 0*k = -4. Suppose k*l - 275 = -l. Calculate the greatest common divisor of w and l.
11
Let z be -1 + 43/1*1. Calculate the greatest common divisor of z and 63.
21
Let h(n) = 7*n**2 + n - 3. Let l be h(-3). What is the greatest common factor of 38 and l?
19
Suppose -5*h = -3*q - 150, h + 2*q - 109 = -2*h. Let z be (-165)/(-6)*8/10. What is the highest common divisor of h and z?
11
Suppose 0 = 4*d - 0*d + 180. Let p be (-4)/(-18) - 530/d. Calculate the greatest common factor of p and 48.
12
Let s(u) = u**3 + 9*u**2 - 16*u - 20. Let c be s(-10). What is the highest common factor of c and 100?
20
Suppose 0 = 9*x - 14*x + 480. What is the highest common divisor of 12 and x?
12
Let r = 25 - 1. Calculate the greatest common factor of 72 and r.
24
Let s(i) = -i + 5. Let m be s(4). Suppose -4 = -v + m. Let p be (5 - v) + (15 - 0). Calculate the highest common divisor of p and 15.
15
Suppose i = -15 + 323. What is the highest common factor of i and 44?
44
Let x be 320/18 - 4/(-18). Calculate the highest common divisor of 45 and x.
9
Suppose 56 = 4*x - 3*l, 4*x + 5*l - 44 = 12. What is the highest common factor of 210 and x?
14
Let p = 6225 - 4070. Let z be p/55 + (-4)/22. What is the highest common divisor of 26 and z?
13
Let u = 4 - 2. Let f be 104/6 + u/(-6). Calculate the greatest common factor of f and 85.
17
Suppose -4*h + 5*h + 3*w = 23, 3*w = -3*h + 51. What is the highest common factor of h and 14?
14
Suppose c = 5*j - 163, -3*j + c - 4*c + 87 = 0. What is the highest common factor of 16 and j?
16
Suppose -5*x - 2*i + 31 = -4*x, 4*x - 3*i - 113 = 0. What is the greatest common divisor of x and 29?
29
Let j = -726 + 1232. Calculate the greatest common factor of 46 and j.
46
Suppose -3*y = -48 - 222. Suppose 4*i = i + y. What is the greatest common divisor of i and 6?
6
Let i(m) = m + 12. Let c be i(-9). Let y = c + 4. What is the greatest common factor of 49 and y?
7
Let j = 212 - 149. Calculate the highest common divisor of j and 7.
7
Suppose -84 = -3*s - s - 4*h, -4*h = 4. What is the highest common factor of s and 242?
22
Let w(n) = n**3 - 4*n**2 - 5*n + 1. Let c be w(5). Let b be ((-36)/(-20))/(c/5). Let q be (-50)/(-4) + b/6. What is the greatest common divisor of q and 7?
7
Let h be -3 + (3 - -7 - 3). Let l be 578/h - 8/16. Calculate the greatest common divisor of 18 and l.
18
Let j(p) = p**3 - 5*p**2 + 4. Let c be j(7). Let b = 24 + c. What is the greatest common factor of b and 18?
18
Let t be ((-83)/(-3))/(1/3). Suppose 4*q - t = -23. What is the highest common divisor of 135 and q?
15
Let c be 1/(-2) - 37/(-2). Suppose -3*v = -5*v + c. Let f(w) = 17*w + 4. Let r be f(4). Calculate the highest common factor of v and r.
9
Suppose 5 = 6*y - y + 5*b, -5*b = y - 5. Suppose y*r + 27 = 2*r - f, -5*f + 75 = 4*r. Calculate the greatest common factor of 15 and r.
15
Let d = 199 + -63. Let x(z) = 2*z**2 - 1. Let g be x(3). Calculate the highest common factor of g and d.
17
Let k(r) = -2*r - 4. Let t be k(-3). Let a = 2 + t. Let g(l) = l**2 - 5*l + 4. Let n be g(5). Calculate the highest common divisor of n and a.
4
Let l(p) = p**3 + 6*p**2 - 7*p + 3. Let i be l(-7). Suppose 0*a + 9 = a. Calculate the highest common divisor of a and i.
3
Let v be (4/(-5))/((-2)/10). Let l = v - -2. Let c be (-4)/l - 88/(-6). What is the greatest common divisor of 14 and c?
14
Let y be 1/4 - (-118)/8. Let s = -64 - -70. Calculate the highest common divisor of y and s.
3
Let c be ((-5)/5)/((-3)/12*2). Calculate the greatest common divisor of c and 10.
2
Let w = 11 + -14. Let u be w/(-6) - (-30)/4. Let y be (-42)/(-5) + 4/(-10). What is the greatest common factor of y and u?
8
Suppose -3*f + 20 = 2*f. Suppose -f*q = -q - 12. Suppose -3*m = m - q. Calculate the greatest common divisor of m and 1.
1
Let c(v) = v**3 - 5*v**2 - 6*v - 7. Let n be c(7). Calculate the highest common divisor of n and 7.
7
Let w be (-4 - 0)*(-2)/4. Let o = -19 + -61. Let p be (o/(-15))/(2/6). What is the greatest common factor of p and w?
2
Suppose u = 2*h - 77, 2*u - 3*u + 3 = 0. Let t be (-4)/(-6) - (-21)/9. Let y = 5 + t. Calculate the highest common factor of h and y.
8
Suppose 31*q - 9 = 28*q. Let p be (-6)/(-9) - 2/(-6). Calculate the greatest common factor of q and p.
1
Let v(t) = 2*t + 3. Let x be v(7). Calculate the highest common divisor of 119 and x.
17
Let d = 104 + -36. What is the greatest common factor of d and 17?
17
Suppose -2*t = 4*p + 2*t - 260, 0 = 5*t + 15. Suppose 5*x = -4*b + x + 88, -58 = -4*b + 2*x. What is the highest common divisor of b and p?
17
Let t(x) = -x**3 + x + 8. Let v be t(0). Let z = 5 + v. Suppose -171 = -4*r + 5*y, -3*r + 131 - 20 = 2*y. What is the greatest common divisor of z and r?
13
Let h = 10 + -7. Suppose 10 = h*n + 4. Let i = 8 - -6. Calculate the highest common divisor of n and i.
2
Suppose -12*u + 210 = -10*u. Suppose -3*v - 4 = v. Let c be 2/(v/1) + 23. Calculate the highest common divisor of u and c.
21
Let k = 131 + -91. Calculat